mainder when w is divided by q?
39
Let n(i) = -2*i**2 + 25*i - 7. Suppose 3*a = -4 + 379. Calculate the remainder when a is divided by n(10).
39
Suppose 0 = -4*m - 3*p + 540, 4*m - 804 = -2*p - 260. Calculate the remainder when m is divided by 20/(-15) - (-218)/6.
33
Let q = -1 - -3. Suppose 17*x + 1 = -5*b + 14*x, 7 = b - 3*x. What is the remainder when q is divided by b?
0
Let b be (-4 - -8)*(-81)/(-6). Suppose -r + 5*l = -0*r - 23, -l - b = -4*r. Suppose h - 13 = 24. Calculate the remainder when h is divided by r.
11
Let w = 267 + -234. Calculate the remainder when 68 is divided by w.
2
Let r(u) = 4*u**2 + 6*u - 10. Let y be r(-5). Let b = y + -42. Calculate the remainder when b is divided by 10.
8
Suppose -3*x - 2*m = -53, 4*x + 6*m - 72 = 4*m. What is the remainder when 102 is divided by x?
7
Let n = 1144 + -509. Suppose 3*h = -2*h + n. Calculate the remainder when h is divided by 13.
10
Let z(j) = 6*j**3 - 20*j**2 + 59*j + 3. What is the remainder when z(4) is divided by 17?
14
Let d be 15 + (-12)/4 - 0. Calculate the remainder when 2/(-6) + 268/d is divided by 6.
4
Suppose -3*p = -w + 8, 4*p = w - 0*p - 5. Let i = w + -5. What is the remainder when 40 is divided by i?
4
Let s(t) = -t + 5. Let z be s(-5). Let g = z - 9. Calculate the remainder when 4 is divided by g.
0
Let q be 8/(-10)*(-10)/(-4). What is the remainder when (0 - -35) + 3 + (-1 - q) is divided by (30/9)/((-1)/(-3))?
9
Let y be 1/((3/(-6))/((-1)/2)). What is the remainder when 131 + (1 + y - 4) is divided by 26?
25
Suppose -3*s = -7*s - 264. Let k = s + 81. Calculate the remainder when 40 is divided by k.
10
Let m be (-8 + 12)*10/8. Suppose 0 = m*h - 18 + 3. Suppose 2*k + 21 = h*k. Calculate the remainder when 81 is divided by k.
18
Let j be (-27)/6*24/(-36). Calculate the remainder when 74 is divided by (j - 2 - 39)*(-15)/30.
17
Suppose -12 = -3*f, v - 496 = 2*f + 196. What is the remainder when v is divided by 26?
24
Let t = -95 + 112. Calculate the remainder when 166 is divided by t.
13
Suppose -35*b + 174 = -33*b. Suppose -36 = -2*p - 2*s, 5*s = -p + 16 + 14. Calculate the remainder when b is divided by p.
12
Suppose b + 2*z = 13, -4*b = -3*b - z - 13. Let q(i) = -36*i**3 - i**2. What is the remainder when q(-1) is divided by b?
9
Let d = 271 - 237. Calculate the remainder when 169 is divided by d.
33
Let z = 32 + -27. Suppose 0 = 9*w - 7*w + 4*h - 12, -3 = w + z*h. Calculate the remainder when 70 is divided by w.
10
Let n(r) = r**2 - 23*r - 35. Let b be n(-8). Suppose -3*t = -3*i + b, -3*i + 6*i = -2*t + 193. Calculate the remainder when i is divided by 34.
33
Let s be (0 - 49/(-1))/1. Suppose 4*f + 5*t = 395, -f + 156 - s = 4*t. Calculate the remainder when f is divided by 32.
31
Let i = 116 + 41. Suppose -5*d = -b - i, 0*d + 4*b + 101 = 3*d. What is the remainder when 58 is divided by d?
27
Let v(l) = -659*l**3 + 329*l**3 + 3 - 8*l**2 + 329*l**3. Suppose 4*k + k = -4*q - 17, 2*k - 46 = 5*q. Calculate the remainder when 17 is divided by v(q).
2
Let d(j) = j**3 + 19*j**2 + 37*j + 23. Let t be d(-17). Let o = t + 73. What is the remainder when 87 is divided by o?
42
Let a(i) = -4*i**2 + 4*i - 1. Let m = -11 + 9. Let d(j) = -j. Let q(o) = m*d(o) - a(o). What is the remainder when q(1) is divided by 2?
1
Let a(t) = t**2 + 11*t + 17. Let z be a(-12). Let w = 45 - z. Calculate the remainder when 47 is divided by w.
15
Suppose 3*u + 127 = 4*j, 0*j + 3*j + 99 = -3*u. Let x = 68 + u. Suppose -4*b + m - 3*m + 44 = 0, 5*b - 55 = m. Calculate the remainder when x is divided by b.
9
Suppose -5*t = -11*t + 390. Suppose t = 16*a - 21*a. Let d = 26 - a. Calculate the remainder when d is divided by 8.
7
Calculate the remainder when (4 + 0)*((-24795)/36)/(-19) is divided by 21.
19
Suppose 5*f + 1 = 4*h, 2*h - 26 = -2*f - 3*h. Suppose 5*d + l + 0*l = -42, l - 48 = 5*d. Calculate the remainder when f is divided by (10 + d)/(1/3).
0
Suppose 5*l + 64 = 4*p - 396, 0 = -2*l + 3*p - 177. Let a = -42 - l. What is the remainder when a is divided by 19?
16
Suppose 0 = -9*s + 4*s + 75. Let p(t) = t**3 - 14*t**2 - 16*t + 16. Calculate the remainder when 3 is divided by p(s).
0
Suppose -18*b = 11*b - 522. Calculate the remainder when 425 is divided by b.
11
Let d(i) = i**2 + 2*i - 41. What is the remainder when 547 is divided by d(-12)?
73
Suppose 0 = -2*g + 4*r + 22, 4*g = 4*r + 6 + 22. Let p = -42 - -87. Calculate the remainder when p is divided by (-2)/3 - (-38)/g.
9
Let c(q) = -q**2 - 10*q + 59. What is the remainder when c(-8) is divided by 13?
10
Let c = -521 - -560. Calculate the remainder when 383 is divided by c.
32
Suppose 2*c - 50 = 5*k, 3*c + 2*k + 2*k - 75 = 0. Let t = -25 + 7. Let z = c + t. What is the remainder when 25 is divided by z?
4
Let r = -3 + 46. What is the remainder when 170 is divided by r?
41
Let l be 7/28 + 15/4. Suppose -l*n + 122 = -178. What is the remainder when n is divided by 19?
18
Let f(x) = 1 + 6 - x**2 - 12*x + 2*x**2 + 6*x. Suppose 3*h - 31 = -4*n, n + 0 = -2. What is the remainder when h is divided by f(6)?
6
Let b = 4 + 0. Calculate the remainder when 24/(-72) + 70/3 is divided by b.
3
Let a(u) = -30*u - 318. What is the remainder when 282 is divided by a(-13)?
66
Suppose 5*s + 489 = 189. Let w = 95 + s. Suppose 3*l - w = 19. Calculate the remainder when 69 is divided by l.
15
Let m = 260 + -187. What is the remainder when m is divided by 5?
3
Suppose 4*b = -2*p + p + 75, -p = -3. Suppose -4*u - 65*w + 62*w = -648, 3*u = -5*w + 497. Calculate the remainder when u is divided by b.
15
Suppose 7*o - 186 = -11. Calculate the remainder when 123 is divided by o.
23
Suppose c - 46 = 4*o, -4*o + 8*o = 5*c - 150. What is the remainder when 73 is divided by c?
21
Suppose 3*g + 159 - 45 = 5*u, -u - 2*g + 15 = 0. What is the remainder when 40 is divided by u?
19
Let z(c) = 11*c - 10. Let y be z(-9). Let f = y - -59. Calculate the remainder when 8 is divided by (-4)/(-2)*f/(-20).
3
What is the remainder when 162 is divided by 3/4 - ((-1422)/24 + 4)?
50
Let d(m) = -m**2 + 9*m + 4. Let j be d(8). Suppose 6*k - 6 = j. Suppose -4*s + k = -9. What is the remainder when 6 is divided by s?
0
Suppose b - 42 = -4*x, 3*x - 25 - 13 = -b. Suppose -q - q + b = 0. Calculate the remainder when q is divided by 7.
6
Suppose 89*g - 92*g = -138. What is the remainder when g is divided by 17?
12
Let z(b) = b**2 + 16*b + 68. Calculate the remainder when 93 is divided by z(-12).
13
Let t = -13 + 22. Let q = -6 - -11. What is the remainder when 6 - q - (-33 + -1) is divided by t?
8
Let r = -1 - -10. Calculate the remainder when (-7)/2*(-9)/(-21)*-34 is divided by r.
6
Suppose 0 = -3*k - 3*q + 4932, 0 = -k + 3*k - 2*q - 3276. What is the remainder when k is divided by 137?
134
Suppose 0 = 3*g - 0*g - 5*n - 125, -5*g + 221 = -2*n. Let k(p) = p**3 + 11*p**2 + 10*p + 12. Calculate the remainder when g is divided by k(-10).
9
Let l = -251 + 256. Calculate the remainder when 5 is divided by l.
0
Suppose -r = 2*q - 2 + 1, q - 13 = 2*r. Let c be 0*(6/q - 1). Suppose -2*n = 0, 2*w - n - n - 68 = c. Calculate the remainder when w is divided by 13.
8
Suppose 208 = 2*r - 42. Let z = 211 - r. Suppose -3*h = f - 34, -5*h - 28 = 2*f - z. What is the remainder when 18 is divided by h?
8
Let a(n) = n**2 - 11*n + 19. Let q be a(16). Let d = -47 + q. Calculate the remainder when d is divided by 27.
25
Let x(c) = -7*c + 658. What is the remainder when x(-14) is divided by 23?
20
Suppose -218 - 206 = -8*q. What is the remainder when q is divided by 33 + (7/(-2) - 4/8)?
24
Let k = -20 - -22. What is the remainder when 25 is divided by (16 - 2)*k/4?
4
Suppose 0 = 16*n - 2306 - 2734. What is the remainder when n is divided by 75?
15
Suppose 2*z - 3370 = -4*x + 4*z, 5*z - 4250 = -5*x. What is the remainder when x is divided by 94?
93
Suppose -4*b + 0*b + 3*f + 14 = 0, 0 = 3*b + 4*f + 2. Suppose m - 25 = -4*m + b*h, -17 = -m - 2*h. What is the remainder when 212/8 - (-3)/(-2) is divided by m?
4
Let s = -9 - -24. Let d(i) be the third derivative of -i**5/60 + 17*i**4/24 - 5*i**3/2 - 22*i**2. Calculate the remainder when d(10) is divided by s.
10
Let a be ((1 - 0)*-1)/1. Calculate the remainder when (-4)/a - (0 - -1) is divided by (-11)/(-5) + -2 + ((-3472)/155)/(-28).
0
Let b = -180 - -105. Calculate the remainde